he value of (-15 - -4 - -26) + 4 + (0 - 7)?
12
-13 - (-12 - (-10 - -1 - 9))
-19
What is the value of -8 + (17 - 19) + -1 + -4?
-15
Calculate 2 - (-3 + (5 - -2) - 1).
-1
Calculate -4 - (-76 + (-3 - -34)).
41
What is the value of 0 - (1 + -8 + 1 - -2 - -12)?
-8
-165 + 165 - ((-2 - -2) + -3 - -1)
2
(4 - 1) + (38 - 32)
9
What is the value of -20 + 22 - (0 + 1 - (-28 - -28))?
1
What is the value of 15 - (-14 + 26 - 23)?
26
Evaluate 3 + -7 + 12 + 3 + -4 - 4.
3
Calculate (17 - 17) + (-4 - -3) + 10.
9
What is (-3 + 4 - (0 + 0)) + -168 + 193?
26
What is the value of (-16 - -22) + 10 - 5?
11
Evaluate 2 - (21 - ((-14 - -30) + -22)).
-25
What is -1 - (-22 - (6 - -3))?
30
-5 - -3 - (5 + 2)
-9
What is -19 - (-74 - -20 - -33)?
2
Calculate -157 + 155 - ((1 - 2) + (-1 - 0)).
0
Calculate (5 - 2 - -9) + -2.
10
Evaluate 35 - 6 - 20 - (-15 - 2).
26
What is the value of (4 - (16 + -5)) + (5 - -8)?
6
Calculate 28 + (-27 - 23 - -28).
6
What is (91 - 88) + (-1 - (2 - -2 - 2))?
0
What is 45 + -74 + 5 + 32?
8
Calculate -4 - 0 - (149 + -149).
-4
Evaluate 2 + (-3 - -3) + -11 - (155 - 141).
-23
What is the value of 9 + (5 + (4 - 0 - 1) - 2)?
15
What is the value of 16 + -31 + 22 + -14?
-7
Evaluate -8 + (-23 - -8 - 5).
-28
What is the value of 10 + (-2 - (-6 - -4)) + -38 + 34?
6
Calculate (5 - 13) + 11 + -12 + (1 - -1).
-7
Calculate -10 + 0 + (-61 - -57 - 1).
-15
What is the value of -37 + -4 + 30 + -18?
-29
5 + (-14 + -1 + 6 + 2 - -8)
6
Evaluate 72 - 95 - (-47 - -3).
21
Evaluate (-11 + 20 - -11) + (-2 - (6 + -2)).
14
Evaluate 25 - (30 + -37 + 56).
-24
What is the value of 1 + 0 + 17 + (433 - 445)?
6
Calculate (-9 - (-8 - (-8 - -5))) + -9.
-13
Evaluate (9 - (5 + -12 - -12)) + 4.
8
-12 + (0 - (-5 - ((-3 - -1) + 3)))
-6
Calculate (-3 - -23) + (-9 - (4 + -6)).
13
Evaluate -2 + (91 + -90 - (2 - 11)).
8
(2 - (-6 + (19 - 9))) + 9
7
Evaluate (3 + 10 - (4 - -2 - -4)) + 12.
15
Calculate 10 - (2 - (-1 + (7 - 8))).
6
Evaluate 9 + (-4 - -1) + (2 - 2) + -16.
-10
What is (-5 - -3) + -10 + (16 - 9)?
-5
Calculate (11 - 16) + 14 + -2 + 1.
8
Calculate -14 + (39 - 36) - (-1 - 5 - 1).
-4
What is the value of -406 - -428 - (-2 + 31)?
-7
Evaluate (5 - (8 + 8 + 6)) + 5.
-12
Calculate 6 - ((-7 - -6) + -4 - (-7 + 1)).
5
Evaluate 27 + 5 - 22 - (2 - (-18 + -4)).
-14
Calculate -2 + -5 + 12 - -6.
11
Evaluate 1 - 3 - 1 - (-1 - 4).
2
Evaluate (-9 - 4 - -24) + -40 + 7.
-22
What is 0 - (-3 - -8 - -3) - -9 - -24?
25
11 + -17 + (-9 - -20) - (1 - -10)
-6
What is the value of 2 + 0 + -11 + (19 - 25)?
-15
Calculate (-5 - -15) + 8 - 49 - (-6 + 0).
-25
Calculate 4 - (-2 - (-5 + 7 + 0)) - 29.
-21
Calculate 0 - ((0 - -5) + (20 + -11 - 8)).
-6
What is the value of 20 + 29 + -47 + -2 + 2 + 1?
3
Calculate (-1 - (1 - -1)) + (-1733 - -1731).
-5
What is the value of 1 - -29 - ((-2 - 6) + (116 - 104))?
26
Calculate 16 + (-18 - (-24 + 31)).
-9
What is the value of 13 + (5 - (-13 + 9) - 5)?
17
-4 + 25 + -13 + (-24 - -45)
29
(-22 - (8 + -13)) + 12
-5
(-1 - (3 + 1)) + (-53 - -38) - -4
-16
-14 + -11 + 4 + 20
-1
What is the value of -8 + 2 + (5 - 5 - -5) + -10?
-11
What is (4 - -10) + (37 - (-8 - -29))?
30
Calculate 198 - 226 - ((10 - -3) + -2).
-39
What is 5 + 0 + 6 + -8 - (16 - 22)?
9
(0 - -21 - 17) + -16 + -1
-13
Calculate 10 + -5 + (-12 + -2 - 5).
-14
What is the value of -16 - ((-26 - -16) + 7)?
-13
Calculate 6 + -4 + 40 + -22.
20
Calculate -1 + -1 - 8 - (-1 + -2 + 0).
-7
6 + -12 + -1 + 4 - (12 - 46)
31
Calculate (-5 - (-27 + 10)) + (29 - -1) + -3.
39
Evaluate -3 - -15 - 21 - (-1 + 0).
-8
Calculate -2 + 0 + -11 + (23 - 23).
-13
What is -26 + 39 + -18 - (0 + -1 + 11)?
-15
Evaluate 15 - ((17 - 12) + 12).
-2
Calculate -5 + -15 + (23 - 18) - 1.
-16
What is (-18 - -12 - -17) + -12?
-1
What is (49 - 31) + -4 + -8?
6
-4 + (208 + -228 - (10 + (4 - 3)))
-35
Evaluate 16 - (4 - (0 - 9)).
3
What is the value of -7 + 21 + -16 - 20?
-22
What is the value of 604 + -607 + (0 - 13)?
-16
Evaluate (-5 - 2) + -1 + (-5 - (-24 + 3)).
8
What is (0 - 17) + (79 - 72)?
-10
Calculate 28 + 22 + (-53 - -10).
7
What is the value of (-16 - 0) + 15 - 4?
-5
What is the value of (1 - 8) + -15 + (20 - 2)?
-4
(-1 - 5) + (5 + 0 - 2) + 12
9
Calculate (22 - (-12 - -61)) + 18.
-9
What is the value of 1318 + -1303 - (18 - (0 - 0))?
-3
What is the value of (1 - (6 - -2) - -10) + -10?
-7
What is 14 - (-8 - (-31 - -19) - (3 + -9))?
4
-14 + (36 + 7 - 18)
11
What is the value of (-41 - -51) + (2 - -17)?
29
Calculate -22 + 18 + (-5 - -10) + (-26 - 0).
-25
Evaluate 2 - 8 - (0 + 7) - (-17 + 10).
-6
What is the value of -17 + 29 + -11 + (1 - 3)?
-1
(5 - 3 - 5) + 8 - 2
3
What is -8 - (31 + -26 + 10)?
-23
-10 + 1 - (66 + 42 + -138)
21
Calculate -27 + (2 - -11) - (4 - -1).
-19
What is -1 + (-109 - -90) + (-1 - -1)?
-20
Evaluate -1 + -2 + -3 + (-2 - -27).
19
-56 - -81 - (-1 - -14)
12
-24 + 44 + -21 - 35
-36
What is 0 - ((2 + 6 - 0) + (-94 - -82))?
4
7 - 8 - -20 - 12
7
What is the value of 4 + 2 + -3 + 0 - (-38 + 29)?
12
Calculate 5 - (-5 - -8) - 6 - (-4 + 9).
-9
1 + -15 + 2 + (21 - 12) + -12
-15
What is the value of (10 - -27 - 17 - 5) + 15?
30
What is 1 + (-131 + 132 - (-1 + -4 - 0))?
7
Evaluate (6 + 8 + -14 - -1) + 5.
6
-6 + -12 + 13 + -18
-23
Evaluate 1 - (1 - -3 - 6) - (6 - 0).
-3
Calculate 33 + -3 - (36 - 28).
22
Calculate -261 + 229 + (22 - -2).
-8
Evaluate 194 + -196 + (1 + 1 - (-2 - 0)).
2
Evaluate 23 + -32 - (12 + -20 + 5).
-6
What is the value of (16 - 0) + -32 + (-24 - -51) + 1?
12
What is the value of -428 + 431 + (-8 - (-2 + 2 + -2))?
-3
(0 - -10) + (18 - (48 + -18))
-2
Evaluate -1 + 0 + (13 - 0) - 1.
11
What is the value of 3 + -18 + 43 + -18 + -5?
5
What is the value of 16 + -5 - (14 + 8)?
-11
(7 + -9 - -15) + -7 + (11 - 8)
9
Calculate 31 - (52 - 24 - 2).
5
-6 - (-3 - (1 - (5 + (1 - 2))))
-6
What is -5 + -17 + 32 + -20 - -2?
-8
What is 7 + -7 + 9 + -2 - 8?
-1
What is -2 + -1 - (-36 + (7 - -29))?
-3
Evaluate -10 - -4 - 13 - 6.
-25
What is 6 - (10 - -32 - 22)?
-14
21 + (20 - -21 - 38)
24
(3 + 1 - -1) + (-11 + -2 - -7)
-1
What is -32 + 35 + -33 + -2?
-32
Evaluate 4 + (0 + -11 - ((-1 - -17) + -12)).
-11
What is the value of 7 + (8 - -4) + -36?
-17
What is the value of (37 - 55 - (-1 - 5)) + 4 - 1?
-9
Evaluate 6 + (1 + 0 - 0) + (-24 - -26).
9
Calculate 12 - (13 + -12 + 9) - (-6 - 1).
9
Calculate 20 + -3 - (1 - -29).
-13
Evaluate -21 - (27 - 9) - -24.
-15
What is the value of -33 - (0 - (12 + (-5 - 4) + 1))?
-29
What is the value of 0 - 2 - -2 - (-11 - (15 + -23))?
3
What is the value of 4 - 0 - (-7 - -1 - (-9 - -11))?
12
Calculate 16 + -11 + 0 - 7.
-2
Evaluate -10 + (11 - (-3 + 5)) + (1 - -1).
1
Evaluate (-2 - -3) + (-57 - -69).
13
What is the value of (-7 - 11) + (38 - 7)?
13
(7 - -1) + -43 + 38 + -15 + -2
-14
Calculate -4 - -1 - -1 - (-13 - (8 + -11)).
8
Evaluate -8 + 15 + -4 - (4 - 7).
6
-14 - (-12 + (-2 - 0) + (-216 - -226))
-10
8 + -1 + (-31 + 30 - -6)
12
Evaluate -6 + 10 + (37 - 24).
17
What is the value of -5 + 23 + -11 + -13 + 13?
7
Evaluate 9 + (-10 - (4 - 7) - -7).
9
Evaluate 6 + -5 + 0 + 10 + -8.
3
What is 0 + 3 + 16 - (-4 - -11)?
12
What is -2 - (12 - (-9 + 2 + 8) - 6)?
-7
Evaluate 2 - (-2 - 2) - (7 - 30 - -28).
1
4 - -1 - (1 - (-10 + 3) - 9)
6
What is the value of (132 - 136) + 34 + 3?
33
What is the value of 1 + (-19 - (1 + 8 - (19 - 8)))?
-16
Evaluate 48 + -75 + 27 + (1 - 1 - -36).
36
-5 - -10 - (-5 - (0 + -4))
6
Calculate (-35 - 0) + (3 - 20) + 19.
-33
Calculate -33 + (32 - 22) + 15.
-8
Evaluate (10 + -15 + 4 - -4) + -12.
-9
What is the value of 0 + -6 + (-18 - -11 - -45)?
32
2 - (11 + -7 - -3 - (-1 - 0))
-6
What is (-7 - (-16 + 4)) + -21 - -4?
-12
(-6 + 8 - 5) + (-1 - (-1 + -3))
0
What is -35 + (60 - (92 + -46))?
-21
Evaluate 8 - (-340 - -316 - (0 + -12)).
20
What is the value of (14 + 27 - 42) + (3 - -7)?
9
Calculate (6 - 30) + 47 + -29.
-6
Evaluate -33 - (-4 + -6 + -2 + (15 - 10)).
-26
33 + -45 + (5 - (-6 + 4)) + 9
4
What is -9 - (1 + 1 - (88 - 86))?
-9
Evaluate 7 + 8 - 17 - -1.
-1
What is the value of (12 - (13 + (9 - 3))) + -11?
-18
Calculate (-11 + 11 - 1) + -10 + 24.
13
What is the value of 9 + (-1 - -4 - 11) + 10?
11
What is 2 + (4 + -19 - (-1 + -2) - -1)?
-9
What is -7 + -20 + (12 - -23)?
8
What is 51 + -62 - ((2 - 1) + -4)?
-8
Calculate (10 - (-8 - -3 - -11)) + 10.
14
Calculate (0 - 9) + 5 - 10.
-14
(-2 + -4 + 10 - 21) + (-3 - -8)
-12
